Calculate the remainder when c(l) is divided by 1.
0
Suppose 0 = -14*g + 18*g - 440. Calculate the remainder when g is divided by 32.
14
What is the remainder when (-3*1)/(177/(-11387)) is divided by 20?
13
Suppose -3*h + 36 = -7*h. Calculate the remainder when 74 is divided by 42/h*18/(-4).
11
Suppose 4*x = 2*x + 6. Let c = -56 - -95. Calculate the remainder when c is divided by x/((-3)/(-17)) - 3.
11
Suppose 2232 = -83*j + 362*j. Let u(g) = 20*g + 1. What is the remainder when u(5) is divided by j?
5
Suppose z - 4*c - 76 = 0, -7*z = -3*z - 5*c - 260. Calculate the remainder when z is divided by 2*(-2)/(-4) + -21 + 29 + 7.
12
Let q(d) = d**3 - d**2 - d + 4. Suppose 10 = 2*c - 4. Let b = c + 6. Calculate the remainder when b is divided by q(0).
1
Let d = 88 - 100. Suppose -4*y + 4*v = -0*y, -5*v = -3*y - 4. What is the remainder when d/((-15)/(-5)) + 8 is divided by y?
0
Let n(x) = x**2 + 13*x + 24. What is the remainder when 119 is divided by n(-13)?
23
Suppose 697*f = 712*f - 1515. Calculate the remainder when 503 is divided by f.
99
Suppose 392 = 7*j - 819. Let t = 7 - -37. What is the remainder when j is divided by t?
41
Suppose 4*u = 3*o - 16, 4*u - 2*o + 12 = u. Let n(y) = -y**3 - 4*y**2 - 4*y - 1. What is the remainder when 73 is divided by n(u)?
13
Let f(d) = 5*d. Let n be f(1). Suppose i - n*i + 36 = 0. Let v = i + -7. What is the remainder when v is divided by 2?
0
Let g = 94 - 56. Suppose z = k + g, -4*k + 90 = -6*k - 5*z. Let q = -1 - k. What is the remainder when q is divided by 10?
9
What is the remainder when 70 is divided by (299/(-78))/(2/(-24))?
24
Let r = 3 - -1. What is the remainder when r is divided by 2 + 39/(-12) - 169/(-52)?
0
Let a = 3 - -6. Calculate the remainder when (8 - 261/18)/(3/(-12)) is divided by a.
8
Let u be ((-2)/4)/(1/(-4)). Suppose -u*j + 56 + 26 = 0. What is the remainder when j is divided by 14?
13
Suppose 5*y + 3*r - 58 = 2, 15 = -3*r. What is the remainder when 224 is divided by y?
14
Suppose -2*d - 6 = 3*i + 3, 2*d = 5*i - 1. What is the remainder when (2/d)/((8/(-12))/2) is divided by 2?
0
Let v = -733 + 767. What is the remainder when 203 is divided by v?
33
Let h(d) = d + 8. Let w = 81 + -68. Calculate the remainder when w is divided by h(-6).
1
Let a = 3 - 2. Let i be (a - 4)/(1/(-1)). Suppose 2*u - 187 = -i*y, -3*y = -4*y + u + 54. Calculate the remainder when y is divided by 20.
19
Let o(f) = -f**2 + 8*f + 17. Let w = -53 + 60. Calculate the remainder when 95 is divided by o(w).
23
Let o(j) = 13*j**2 + 3*j - 125. Calculate the remainder when o(8) is divided by 61.
60
Suppose -8*c - 39 = -1199. What is the remainder when c is divided by ((-110)/(-165))/((-4)/(-222))?
34
Let g = -32 - -34. Suppose g + 22 = 4*k. What is the remainder when k is divided by 3?
0
Let x = -108 + 112. Suppose -3*n + 26 = -5*s, x*s + 19 = 2*n + 1. What is the remainder when n is divided by 3?
1
Let k = -6 - -10. Suppose -6*y = -y - 50. Let c = 24 - y. What is the remainder when c is divided by k?
2
Suppose -30*v + 37 = 7. What is the remainder when 10 is divided by v?
0
Let m(h) be the first derivative of h**4/4 + 11*h**3/3 + 7*h**2/2 + 9*h + 12. What is the remainder when m(-6) is divided by 37?
36
Suppose -8*n + 9*n + 86 = 0. Let t be (-2)/3 + n/(-3). Let q = t + -5. What is the remainder when q is divided by 13?
10
Suppose 3*n = 5*a - 145 - 151, -3*a - 3*n + 192 = 0. Suppose -a = -5*h - 2*d + 148, -3*h + 135 = -2*d. What is the remainder when h is divided by 11?
10
Let a(z) = 15*z - 143. What is the remainder when a(13) is divided by 14?
10
Let q(w) = w**3 + 10*w**2 + 11*w - 9. What is the remainder when 78 is divided by q(-4)?
35
Let d(l) = 26*l - 27. Let f(x) = 13*x - 13. Let s(y) = 3*d(y) - 5*f(y). What is the remainder when s(15) is divided by 36?
35
Let k be (138/15)/(2/10). Let o = k - 27. Calculate the remainder when (-27)/(729/(-18)) + 320/6 is divided by o.
16
Let v(q) = q**3 - 68*q**2 - 2*q + 157. What is the remainder when 3315 is divided by v(68)?
18
Suppose -7*t + 174 = -4*t. Let q = t - 37. What is the remainder when 37 is divided by q?
16
What is the remainder when 382 is divided by (-8)/(-12) - 4/(-24)*458?
74
Let u(v) = -v - 6. Let n be u(-5). Let h = n - -34. Suppose 0 = 4*f + 5*m - 63, 2 = -42*m + 40*m. What is the remainder when h is divided by f?
16
Let d = -60 - -125. Let a = -29 + d. What is the remainder when 139 is divided by a?
31
Let z be (-4 - 36/(-8))*-66. What is the remainder when (40/24)/((-1)/z) is divided by 14?
13
Let k = -1 + 0. Let u be -3 - 1 - k/(-1). Let m(c) = 4*c**2 + 5*c + 7. What is the remainder when m(u) is divided by 21?
19
Let y(t) = 6*t**2 - 22*t - 72. Calculate the remainder when y(-3) is divided by 1 + -1 - -17*1.
14
Suppose -k - h - 5 = -0*h, -5*h = 4*k + 19. Let g(t) = t**2 + 2*t - 2. Calculate the remainder when 5/(1/(26/(-50)) + 2) is divided by g(k).
21
Let q = -481 + 533. Calculate the remainder when 102 is divided by q.
50
Let w(q) = 19*q**3 + 3*q**2 - 8*q + 12. Calculate the remainder when w(2) is divided by 75.
10
Calculate the remainder when 88/(5 + -13)*-5 is divided by 28.
27
Let i(n) = n**3 + 5*n**2 - 14*n + 8. What is the remainder when 13 is divided by i(-7)?
5
Suppose -31*x + 11315 = -7378. What is the remainder when x is divided by 87?
81
Suppose -3*x = -8*x. Let v be x + 1 - 20/(-5). Suppose v*s - 4*s = 22. Calculate the remainder when 42 is divided by s.
20
Let h(d) = 30*d - 1. Let t be h(3). Let m = 60 + t. Calculate the remainder when m is divided by (-108 + 106)/((-2)/38).
35
Suppose -54 = 17*q - 23*q. Calculate the remainder when -4 + 32 + -1 - 3 is divided by q.
6
Let v(f) = 7*f + 89. Calculate the remainder when 85 is divided by v(-5).
31
Suppose -3*h - 69 = -4*w - 8, 3*h + 49 = w. Calculate the remainder when 14 is divided by 0/1 - (h - -11).
2
Let n be (17 - 16)/(1/(-1)). Calculate the remainder when (-4)/n - (16 - 76) is divided by 22.
20
Let h be (20/(-15))/((-2)/72). Let v be ((-48)/(-9))/(4/h). Suppose 0*b - b = j - v, 3*j - 5*b = 176. What is the remainder when j is divided by 13?
10
Suppose 0 = f - 4*f + 144. Suppose 28*w - 32*w = -f. Calculate the remainder when w is divided by 7.
5
Suppose -15*p = -5*p - 390. Calculate the remainder when 114 is divided by p.
36
Suppose 52 - 87 = -5*q. Let f = 11 - -4. Calculate the remainder when 59/5 - (-3)/f is divided by q.
5
Let z(i) = -i**3 + 19*i**2 + 4*i + 6. Calculate the remainder when z(19) is divided by 22.
16
Let k = 647 + -581. Calculate the remainder when k is divided by 27.
12
Let i be -18 + (-1 - -2) + 2. Let c = -19 - i. Calculate the remainder when ((-3)/(-2))/((-1)/c) is divided by 3.
0
Let m(l) = 9*l**2 - 6*l + 83. What is the remainder when m(10) is divided by 42?
41
Let r = 1614 + -1611. Calculate the remainder when 27 is divided by r.
0
Suppose 0 = -5*t + 4*x - 481, -t - 4*t - x = 461. Let f = -34 - t. What is the remainder when f is divided by (-10)/(-12) + (-230)/(-12)?
19
Suppose z + 11 + 18 = j, 0 = -2*j - 2*z + 66. Calculate the remainder when j is divided by 17.
14
Suppose 2*d = -d - 36. Let f be 2/(-12) - 2/d. Suppose 3*l + 0*v + 3*v - 120 = f, -5*v - 151 = -4*l. Calculate the remainder when l is divided by 14.
11
Let b = -4 + 5. Let u(m) = 3*m + 7*m + 2 - 1. Calculate the remainder when 20 is divided by u(b).
9
Let u = 35 + -31. Calculate the remainder when u/6*-2*285/(-20) is divided by 3.
1
Let j = 63 - 66. Let y(g) = 2*g**2 + 8*g + 12. What is the remainder when y(j) is divided by 2?
0
Let r = 125 + -80. Calculate the remainder when 179 is divided by r.
44
What is the remainder when 138 is divided by (89 - 13) + -8 + 9?
61
Suppose -3*n = -2*w - 2*n + 3, -15 = -3*n. Suppose u - 70 = -w*u. Let i = 172 + -105. Calculate the remainder when i is divided by u.
11
Let g(m) = -19*m + 67. Calculate the remainder when g(-17) is divided by 79.
74
Let c(a) = 24*a**2. Let b be c(-1). Let q(i) = 20*i + 221. Let l be q(-10). Let z = b - l. What is the remainder when 10 is divided by z?
1
Suppose -4*n + 142 = 2*v, -41 + 29 = -4*v. What is the remainder when 303 is divided by n?
31
What is the remainder when 257 is divided by 4/10 - (-6 + 2592/(-20))?
121
Suppose -3*n + 66 - 18 = 0. What is the remainder when 61 is divided by n?
13
Suppose 34 = 7*s - 1. Suppose -10*w + 15 = -s